ppose 0 = -o - 3*q - 2 + 4, -2*o = -2*q - 4. List the prime factors of p(o).
2, 7
Suppose -3 = -4*m + 5*m, -4*m = 4*k - 4. Let z = k + -2. Suppose z*w + 3 = 17. What are the prime factors of w?
7
Let y = 9 - 9. Suppose k + y*v = -v, -5*k + 16 = -3*v. Suppose 4*f = -k + 18. List the prime factors of f.
2
What are the prime factors of (46 + 0)/(-2 - -4)?
23
Suppose -6 = -p - 2*p. Suppose 4*h + 4 = 0, -4*d = -p*d - h - 7. Let n = d + 0. List the prime factors of n.
3
Suppose -4*l = -33 - 31. List the prime factors of l.
2
Let d be (-8)/(-28) - 162/(-21). Let g = d + -6. What are the prime factors of g?
2
Suppose 0 = 5*v - 0*g + 3*g + 24, 0 = 4*v + 5*g + 14. What are the prime factors of 18/(-12)*76/v?
19
Let k = -14 - -29. List the prime factors of k.
3, 5
Let q(o) = o**3 - 4 + 2*o - 2*o**2 + 0*o**2 + 7*o**2 + 1. Let n be q(-4). Suppose 4*v - 40 = -h - 0*h, n*v - 50 = 2*h. What are the prime factors of v?
2, 5
Let o = 4 - 2. Let u be 2 - 1*(1 - o). Suppose -5*k + 77 = 4*v, 2*v + 2*k = u*v - 3. What are the prime factors of v?
13
Let r(d) = -d**3 + 12*d**2 + 9*d - 9. List the prime factors of r(11).
211
Suppose -28 = -2*a + 60. What are the prime factors of a?
2, 11
Let r(n) be the third derivative of -n**6/120 + 7*n**5/60 - n**4/8 - n**3/3 + 6*n**2. What are the prime factors of r(5)?
3, 11
Suppose -111 = -3*u + f, 0*u - u + f = -37. What are the prime factors of u?
37
Suppose 0 = 3*w - 8*w - 2*r + 768, -464 = -3*w + 2*r. What are the prime factors of w?
2, 7, 11
Suppose 0 = -4*i - 207 - 873. What are the prime factors of i/(-14) + (-4)/14?
19
Let x(i) = 46*i + 1. List the prime factors of x(2).
3, 31
Let t(w) = w**3 - 10*w**2 + 13*w. Suppose 16 = 4*m - a - 19, 4*a = 4. List the prime factors of t(m).
2, 3
Let z(i) = 11*i**2 + i. Suppose 4*f = 4*m - 8, f = 2*m - 7*m + 16. What are the prime factors of z(f)?
2, 3
Let s(p) = -5*p**2 + 12*p. Let v(n) = -n**2 + n. Let k(a) = -s(a) + 6*v(a). Let o be k(-6). Suppose -j + 11 = -o*j. What are the prime factors of j?
11
Let b(k) = 3*k + 10. Let u be b(-8). Let g be u/(-3) + (-6)/9. Suppose 3*j = -5*o + 14, g*o + 30 + 18 = 5*j. List the prime factors of j.
2
Suppose -2*c = l - 14 - 30, -c + 3*l + 36 = 0. List the prime factors of c.
2, 3
Let d be (-24)/9 - (-2)/3. Let z = d + 4. List the prime factors of z.
2
Suppose 4*l - 113 = g, -13*l + 17*l = -g + 119. What are the prime factors of l?
29
Suppose 2*r + 3*r - 35 = 4*l, 3*l = 15. What are the prime factors of r?
11
List the prime factors of (2 - 4)/(8/(-188)).
47
Let w = 2 - 0. Let k(p) = p + 2. What are the prime factors of k(w)?
2
Let a(o) = 27*o**2 + o - 1. List the prime factors of a(-1).
5
Suppose r + 0*r - 29 = 0. Let m = r + -21. Suppose 4*p - m*p = -28. What are the prime factors of p?
7
What are the prime factors of -1*((-2)/10 + 68/(-10))?
7
Let a = 23 + 8. List the prime factors of a.
31
Let l = -38 + 101. List the prime factors of l.
3, 7
Let m(d) = -d**3 - 4*d**2 + 2. Let q = 2 - 1. Let t = -3 - q. List the prime factors of m(t).
2
Let a = -20 - -16. Let p(x) = x**2 + 2*x - 3. List the prime factors of p(a).
5
Suppose -s + 4*i - 6 = 7, 5*s = 5*i + 10. What are the prime factors of s?
7
Let a be (-5)/(-7) - (-14)/49. Let v = a - -1. What are the prime factors of v?
2
Let w(v) = 3*v**2 - 25*v - 13. Let b(u) = 2*u**2 - 12*u - 6. Let i(p) = -5*b(p) + 3*w(p). What are the prime factors of i(-12)?
3
Let i be (-10)/(-2) - (3 + -2). Suppose l + 45 = i*l. List the prime factors of l.
3, 5
Let u be (-7)/2 - 1/(-2). Let i be (-4)/30 - 444/45. Let o = u - i. What are the prime factors of o?
7
Let m(a) = -a**3 + 5*a**2 + a. Let i be m(5). Let g = i - -7. List the prime factors of g.
2, 3
Let j(g) = -g**3 - 11*g**2. Suppose -q = -5*r + 31, 0*r + 3*r - 12 = 0. Let b be j(q). Suppose -2*n + 0*n + 20 = b. List the prime factors of n.
2, 5
Let j = -22 + 42. What are the prime factors of j?
2, 5
Suppose 243 = -5*v - 5*b + 78, 5*v = b - 153. Let f = v - -63. List the prime factors of f.
2
Let r = 344 - 119. What are the prime factors of r?
3, 5
Let n = 59 - 41. List the prime factors of n.
2, 3
Let p(o) = 31*o**2 - o + 1. What are the prime factors of p(1)?
31
List the prime factors of (-3)/24 + 2628/32.
2, 41
Let k = 6 - 18. List the prime factors of (46/(-6))/(4/k).
23
Let h(o) = o + 13*o - 10*o + 1. What are the prime factors of h(3)?
13
What are the prime factors of 16/4 + (-420)/(-5)?
2, 11
Suppose 4*i = 3*i. Suppose 4*n = -i*n. Suppose 5*x - 82 - 8 = n. List the prime factors of x.
2, 3
Let q(k) = k**2 - k - 4. Let c be q(3). Suppose 5 = c*t - 25. List the prime factors of t.
3, 5
Let g be (-192)/14 - 6/21. What are the prime factors of g*(10/(-4) + 2)?
7
Let a(j) = -j**3 + j**2 + j - 4. Let d be a(0). Let g = d - -31. Let q = g + -16. What are the prime factors of q?
11
Suppose -5*z + 435 = 2*i, 0 = -4*i - 7*z + 10*z + 909. List the prime factors of i.
3, 5
Suppose -10 = -9*w + 4*w. What are the prime factors of (3 - (-1)/(-2))*w?
5
Let j(n) = n**3 + 4*n**2 - n. Let s be j(-4). Let v be (-8)/20 - 24/(-10). Let f = s - v. What are the prime factors of f?
2
Suppose -3*s = -2*s - 5. Suppose 0 = 4*d - 5*d - 1, 2*d = s*y - 12. Suppose -y*c + 22 = -0*c. What are the prime factors of c?
11
Suppose 4*m = o, o = -2*m - 2*m + 8. Suppose 4 = 2*r - 2. Suppose -o*f + 3 = l, -2*l - 3 = r*f + 1. List the prime factors of f.
2
Suppose -8*d - 40 = -6*d. Let y = d - -28. List the prime factors of y.
2
Suppose -104 = -3*i + 13. What are the prime factors of i?
3, 13
Suppose 0 = -2*s + 6*s + 16. List the prime factors of 48 - (8/s + 3).
47
Let n(y) = -y. Let a(m) = -8*m**2 + 9*m - 2. Let j(i) = -a(i) - 6*n(i). What are the prime factors of j(2)?
2, 7
Suppose -66*p = -64*p - 424. What are the prime factors of p?
2, 53
Suppose u + 55 = 5*d - 4*u, d - 5 = 4*u. Let y = d + -7. Suppose -y*r = -3*r - 48. What are the prime factors of r?
2
What are the prime factors of (108/8)/(-9)*(-184)/6?
2, 23
Suppose -3*g - 3*b + 0*b = -486, 3*b = 3*g - 516. List the prime factors of g.
167
Suppose -4*p + 166 = -2*k, 20 = k + 3*k. List the prime factors of p.
2, 11
Let u = 6 - 4. List the prime factors of (-1 + 6)*(1 + u).
3, 5
Let c = -202 + 96. Let k be c/(-22) - 4/(-22). Suppose t = 4*a + 2, -a - 17 = -k*t + 2*t. List the prime factors of t.
2, 3
Suppose -2*c + 170 = 4*h, -3*c - 167 = -4*h - 4*c. What are the prime factors of h?
41
Let o = -30 + 40. What are the prime factors of o?
2, 5
Let l(q) = q**2 - 7*q + 4. Let m be l(7). Suppose -2*s + 8 = -m. Let r = s + -1. What are the prime factors of r?
5
Suppose 3*h - 16 = 29. List the prime factors of h.
3, 5
Let y(v) = -4*v - 2. Let o be (-3)/1 + 1 + -2. Let c be y(o). What are the prime factors of (c - 0)*1/2?
7
Suppose -2*j + 3*j = 2. Suppose 4*r - 10 = -4*m + 10, -m = 3*r - 21. List the prime factors of j/r - 22/(-8).
3
Let q be -2 + 1 + -1 + 4. List the prime factors of (-2 - -3)/(q/42).
3, 7
Let d = 262 + -123. What are the prime factors of d?
139
What are the prime factors of (1/2)/((-1)/(-40))?
2, 5
Let i = 17 - 15. Suppose -3*l + i = 5*k - k, 0 = 2*l - 4*k - 28. What are the prime factors of l?
2, 3
Let a(m) = -m**2 + 5*m + 2. Let p(g) = 46*g**2 - 1. Let j be p(-1). Suppose -3*u - 14 = -2*t - 4*u, -5*t = 5*u - j. What are the prime factors of a(t)?
2
Suppose 2*l = 7*l - 15. Suppose 2*c - 15 = l. List the prime factors of c.
3
Let o = 78 + -18. List the prime factors of o.
2, 3, 5
Let s = 9 - 4. Suppose -s*p + 35 = 5*t, -5*p + 7*t - 4*t + 19 = 0. What are the prime factors of p?
5
Let a = 6 + -4. Suppose -m + 5 = a. List the prime factors of (26/(-6))/((-1)/m).
13
Let f(r) = 53*r + 8. What are the prime factors of f(2)?
2, 3, 19
Suppose z - 76 = 2*w - 4*w, 5*w + 5*z = 190. What are the prime factors of w?
2, 19
Let g(p) be the third derivative of -p**6/60 + p**5/60 - p**4/8 - p**3/3 + 4*p**2. List the prime factors of g(-2).
2, 3
Let j = -58 - -337. List the prime factors of j.
3, 31
Let m = -7 + 10. Suppose -2*j - u = -65, 5*j = -u - m*u + 161. Suppose 12 = 5*x - j. List the prime factors of x.
3
Suppose -g = 4*y + y - 52, 4*g - 5*y = 83. List the prime factors of g.
3
Suppose -2*p = -3*p. Suppose 4*q + 0 = 3*i + 1, -5*i - 4*q + 41 = p. What are the prime factors of i?
5
Suppose 78 = -0*a + 6*a. List the prime factors of a.
13
Su